 = n - 4*i. Suppose -y + n = y + 5*m, -48 = -y + 5*m. What is the units digit of y?
8
Let l(i) be the first derivative of 23*i**3/3 + 5*i**2/2 - 57*i - 70. What is the hundreds digit of l(5)?
5
Suppose 5*p - 3*l = 43355, 34*p - 2*l = 33*p + 8678. What is the thousands digit of p?
8
Let z(s) = -3933*s**3 + 8*s**2 - 17*s - 3. Let q(x) = -1965*x**3 + 4*x**2 - 8*x - 1. Let a(y) = -5*q(y) + 2*z(y). What is the tens digit of a(1)?
6
Let w = -43 + 17. Let f = 26 + w. Suppose j - 2*s - 20 - 39 = f, -5*j + 319 = -4*s. What is the units digit of j?
7
Suppose 3*d + 122304 = 4*p + 31932, -5*p - d + 112927 = 0. What is the ten thousands digit of p?
2
Let z be 7/((-35)/15) + 1393. Suppose 0 = 50*i - 45*i - z. What is the units digit of i?
8
Suppose 183 - 602 = -3*d + v, 407 = 3*d - 4*v. Suppose 6*f - d = 369. What is the units digit of f?
5
Suppose 0 = -32*f + 4*f + 12152. What is the tens digit of f?
3
Let n(t) = 1039*t**2 - 64*t + 256. What is the ten thousands digit of n(4)?
1
Let a = 1 - -69. What is the units digit of 393/(-30)*-6 - (-28)/a?
9
Let j(s) = 1833*s + 2133. What is the thousands digit of j(5)?
1
Suppose -39732 = -4*l + 8*k - 9*k + 111540, 0 = -2*k. What is the tens digit of l?
1
Let c = 764 - -764. What is the hundreds digit of c?
5
Let k = -16 + 18. Let p = k + -1. What is the tens digit of ((-4)/8)/(2*p/(-44))?
1
Let c(s) = 2*s**3 + 127*s**2 - 73*s - 92. What is the units digit of c(-64)?
4
Let k(j) = 149*j + 126. Let n(r) = 4*r + 154. Let a be n(-37). What is the units digit of k(a)?
0
Suppose -2995*u = -3003*u + 29792. What is the units digit of u?
4
Suppose 6*r - 5*v = 5*r, -5*r - v - 52 = 0. Let n(a) = -47*a - 19. What is the hundreds digit of n(r)?
4
Suppose g + 4*c = 5278, -2*g + 3*g - 5276 = -3*c. What is the units digit of g?
0
Suppose 2*i = 13*i - 77. Let t be 6/(-18)*i*-81. Suppose t + 669 = 3*m. What is the tens digit of m?
8
Let k(w) = 1286*w - 455. What is the hundreds digit of k(4)?
6
Let v(d) = -d + 11. Let l be v(-5). What is the hundreds digit of (l/(-12))/((-4)/3987)?
3
Let h be (1 - (-2 + 2)) + (119 - 23). Suppose h*n - 103*n = -234. What is the units digit of n?
9
What is the units digit of (-3)/((-78)/11338) - (-2)/(-26)?
6
What is the thousands digit of (12/(-48)*-18 - 4)*21562?
0
Suppose 81875 + 68019 = 50*n - 33756. What is the tens digit of n?
7
What is the tens digit of 272364/27 - (-322)/(-207)?
8
Let g = -29 + 112. Suppose 19*k + 708 = -242. Let y = k + g. What is the units digit of y?
3
Suppose -5*w + y = -97, 3*w - y = -13 + 70. Suppose 3*x - 1585 = v, 527 = -19*x + w*x - v. What is the tens digit of x?
2
What is the tens digit of 72671/4 + ((-460)/80 - (-7 + 1))?
6
Let u(z) = -556*z - 5 - 16*z**3 + 571*z - 8*z**2 + 15*z**3. What is the tens digit of u(-12)?
9
Let d(g) = 9*g + 1. Let w be d(2). Let z(p) = 2*p**2 + p - w*p + 2*p**2 - 9. What is the tens digit of z(7)?
6
Let w be 14*1 + (1 - 5). Suppose 0 = -b, -5*q + 3*b = -w*q. Suppose 2*u + 3*z = 33, 5*z + 145 = 5*u - q*u. What is the units digit of u?
4
Suppose a = 4*i + 4952, -12*a + 13*a - 4976 = -2*i. What is the units digit of a?
8
Suppose 2*n - 13*v + 16*v = 68689, 309072 = 9*n + 4*v. What is the thousands digit of n?
4
Suppose -330 = -101*o + 98*o. Let c = o + 8. What is the units digit of c?
8
Suppose 4*c = 9*c - 165. Let n = -128 - -208. Let p = n - c. What is the tens digit of p?
4
Let y = 30651 - -27680. What is the ten thousands digit of y?
5
Suppose -d = -5*s + 42, -3*s + 32 = -3*d - d. Suppose -77 = s*x + 67. Let u = x + 23. What is the units digit of u?
5
Let m be ((-30)/4)/(-5)*(-3 + 5). Let o be 92/(m - (-4 - (-1 + -7))). Let p = 200 + o. What is the units digit of p?
8
Let f(b) = -b**2 + b + 6. Let y be f(3). Let d(x) = -x + 5. Let l(m) = -1. Let c(j) = d(j) - 3*l(j). What is the units digit of c(y)?
8
Suppose -47175 = -10*j - 27*j. Let t = j - 799. What is the units digit of t?
6
Suppose -20 + 68 = 8*p. Suppose -p*h = -7*h + 259. What is the tens digit of h?
5
Suppose 5*h + 5*t = 7245, 4805 = 5*h + 4*t - 2440. Suppose 4*k = 5*s - h, 2*k + 1543 = 4*s + 385. What is the hundreds digit of (2 - s/(-2)) + (-6)/(-4)?
1
Let h be (-14)/(6/3) - -4. Let l be (7 - 5)*h/(-2). Suppose -r + 3*c = 4 - 64, -172 = -l*r + 5*c. What is the tens digit of r?
5
Suppose -d + 1 = -3, 4*d + 169 = 5*k. Suppose 4*c - k*c = -1815. What is the tens digit of c?
5
What is the tens digit of -9 - -22635 - (-9 - (-2 - 2))?
3
Let a(m) = 4*m - 2. Suppose -4*c = -0*c - 4. Let p be a(c). Let o(t) = 6*t**3 + 2*t**2 - t + 3. What is the units digit of o(p)?
7
Let f = 34 - 35. Let n = 1 + f. What is the units digit of n + 20/(8 - 4)?
5
Suppose 458 = -32*k + 30*k. Let j = k + 309. What is the units digit of j?
0
Let a(o) = -7*o + 99. Let l be a(-17). Let r = -29 + l. What is the hundreds digit of r?
1
What is the hundreds digit of (-3 + (-532)/42)*(10590*1)/(-5)?
1
What is the units digit of ((-22)/(132/630) + -8)*-137?
1
Let x(t) = t**3 + 19*t**2 + 47*t - 23. Let y be x(-16). What is the hundreds digit of (y + 4)*(-484)/3?
4
Let f(u) = -1820*u + 322. What is the tens digit of f(-3)?
8
What is the hundreds digit of (-550)/(-10 - (-2772)/279)?
5
Let x be (-178)/4 - ((-75)/10 - -6). Let b = -39 - x. Suppose 366 = b*y - 66. What is the units digit of y?
8
Let k(j) = 5*j**2 - 6*j - 2. Let z be (-3 - (-1 + -4))*2/(-2). Let c be k(z). Suppose -h + 10*y + c = 6*y, 4*h - 4*y = 156. What is the tens digit of h?
4
Suppose -v - 29 = l, -92 = -l - 5*v - 121. Let y(w) = -w**2 - 39*w - 80. What is the units digit of y(l)?
0
Suppose 0*g + 12483 = -19*g. Let p = g + 1330. What is the hundreds digit of p?
6
Suppose 11*r + 1388 - 6745 = 0. Suppose 0 = 6*i + 31 - r. What is the tens digit of i?
7
Let u = 4752 - 2720. Suppose z + 14*h - 527 = 9*h, -4*z = h - u. What is the hundreds digit of z?
5
Let a = -170 - -173. Suppose 210 = 5*i - o, -5*o = a*i - 3*o - 113. What is the tens digit of i?
4
Suppose -h + 929 = -2*d, 2*d = 4*h - 9*h + 4597. Let v = 170 + h. What is the units digit of v?
1
What is the tens digit of (11/((-2)/(-2)))/((-1730)/(-307940))?
5
Suppose 3*p - 1701 = -6*p. Let q = p + -29. Suppose q = 3*a + 55. What is the tens digit of a?
3
Let i(u) = 13*u**3 + 735*u**2 + 79*u - 137. What is the units digit of i(-56)?
1
Let n(r) = -2*r**3 - 2*r + 0*r**3 + r**3 - 18*r**2 - 9. Suppose c - 4*q = -38, -21*q = -26*q + 25. What is the units digit of n(c)?
7
Let w = 1195 + 14649. What is the units digit of w?
4
Suppose -88395 = -44*i + 14006 + 181707. What is the units digit of i?
7
Let n = 6195 - 371. What is the thousands digit of n?
5
Let d(g) be the first derivative of g**4/4 - 8*g**3/3 - 15*g**2/2 + 7*g + 47. What is the tens digit of d(10)?
5
Let y be 2*((-33)/(-6) + -4). Suppose 5*o + 895 = 5*g, 0*o + y = -3*o. Let l = g + -85. What is the tens digit of l?
9
Suppose 10*t - 63 = -593. Let g = t - -17. Let w = 56 + g. What is the units digit of w?
0
Suppose 0 = -4*u + 104 + 436. Suppose -2*p + 7*p = y - u, 0 = -3*y - p + 453. Suppose -4*g + y + 34 = 0. What is the units digit of g?
6
Let m = -14646 + 85079. What is the ten thousands digit of m?
7
Let f(s) = -8*s**2 - 9*s - 27. Let h(m) = m + 1. Let w(t) = -f(t) - 6*h(t). What is the units digit of w(-3)?
4
Let g be 24/108 + 16720/9 + 3. Suppose -64*x + 61*x + 2790 = 3*l, -x + g = 2*l. What is the units digit of l?
1
Let k = 55 - 51. Suppose -2*b + 292 = 2*c, b = -3*b + k. Let y = c - 56. What is the units digit of y?
9
Suppose -13*r + 8994 = -15537. What is the hundreds digit of r?
8
Suppose 0 = -b - 0*b + 3*q - 6, 5*b + 5*q = -110. Let j = 45 + b. What is the units digit of ((-90)/j)/((-2)/6) + -3?
7
Let d(g) = g**3 + 40*g**2 - 35. What is the hundreds digit of d(-15)?
5
Let s(l) be the third derivative of 661*l**4/24 - 4*l**3/3 + l**2 - 104. What is the hundreds digit of s(1)?
6
Let n = 39139 + -23755. What is the hundreds digit of n?
3
Let s = 33931 - 19316. What is the tens digit of s?
1
Let f be (-2)/(-9) + 13368/108. Let i = -86 + f. Let g = i + 29. What is the tens digit of g?
6
Suppose 12*k - 87338 + 546482 = 33*k. What is the units digit of k?
4
What is the tens digit of (160 - 159)*(-418)/(-1)*21?
7
Let s be (-255)/136 + (-1)/8. Let d(y) = -87*y**3 - 5*y**2 - 2*y + 1. What is the hundreds digit of d(s)?
6
Suppose 16022 = -4*g + 5